omposite?
False
Let v(i) = i**2 + 5*i + 4. Let m be v(-5). Suppose 2*n - 3*k - 45 = 17, -3*n = -m*k - 91. Is n composite?
True
Let o = -12 + 7. Let n be (-22)/o + (-6)/15. Suppose 639 = n*y + u, -3*y + 4*u + 503 = -0*u. Is y prime?
False
Let l be (-58)/7 + 4/14. Let m = l - -12. Is 386/10 + m/10 a composite number?
True
Suppose 0 = 5*y - 74 - 91. Let x = y - -4. Is x a prime number?
True
Suppose -2*q - 5 = -17. Suppose -q*k + 59 = -5*k + 2*d, -3*k = -3*d - 150. Is k a composite number?
False
Suppose 0 = -3*f - 3*f + 4710. Is f a prime number?
False
Let g = 6 - 2. Suppose g = -3*l + 16. Suppose 4*p - 2*k = -l*k + 164, p - k - 35 = 0. Is p a composite number?
True
Let h be (-8 + 2)/(-3) - -2. Suppose 3*n = h*n - 127. Is n a prime number?
True
Let d(i) = i**3 - 6*i**2 - 3. Let b be d(6). Let j = b + 14. Is j prime?
True
Let p = -25 + 15. Let a(k) = 6*k**2 + 9*k - 11. Is a(p) prime?
True
Let q = 5 - 1. Let d(b) = 2*b**3 - 4*b**2 + 2*b + 5. Is d(q) composite?
True
Let k be 10/(-3)*48/40. Let u(v) = -134*v + 5. Is u(k) prime?
True
Suppose -5*u + 10 = i, -4*u = -2*i - 7*u + 20. Let z = 15 - i. Suppose z*b + 4*y - 320 + 110 = 0, -5*y - 163 = -3*b. Is b composite?
True
Suppose -1 = -v + 1. Let m be (3 - (1 + 4))/v. Let r(j) = -67*j**3 + j**2 + 2*j + 1. Is r(m) a composite number?
False
Let a = -9 + 14. Suppose -a*u - 5*p - 180 = 0, -u + 207 = -6*u + 4*p. Let v = -6 - u. Is v a prime number?
False
Let i(s) = 85*s + 1. Let n be i(-2). Let u = -114 - n. Is u a prime number?
False
Suppose -92 = -2*j - 18. Is j composite?
False
Let j(f) = 2*f**2 + 5*f + 2. Let c be j(-3). Suppose -b + c*b - 932 = 0. Is b composite?
False
Suppose 3*i = 27 - 9. Suppose -2*u - u = -i. Suppose -u*s + 7*s = 285. Is s a prime number?
False
Suppose -s - 4*j = 4*s - 58, -3*j + 5 = s. Suppose -3*h + 76 = 5*g, -2*h + 3*h = -g + s. Suppose -2*p + 189 + g = 4*m, -5*m - 242 = -2*p. Is p composite?
True
Let i(x) = x**3 - 12*x**2 - 12*x + 6. Is i(13) composite?
False
Suppose 3018 = -3*s + 9*s. Is s composite?
False
Suppose 0 = 3*r - 4 + 10. Is (805/(-10))/(1/r) a composite number?
True
Suppose -3*h + v = -780, -3*h = -0*h - 2*v - 783. Is h a prime number?
False
Suppose 0 = -2*f + 20 - 8. Is f a composite number?
True
Suppose 3 = 2*o + 1. Suppose 7 - o = 3*g. Is g prime?
True
Suppose 3*f - 916 = -3*p + 1097, 2011 = 3*f + 4*p. Is f prime?
True
Let z = 40 - 58. Is 1494/10 + z/45 prime?
True
Let f(k) = k**3 - 3*k**2 - 3*k + 1. Let w be f(4). Suppose w*a - 401 = n + 3*n, 0 = 4*n + 16. Is a a prime number?
False
Let f(b) = 5*b**2 - 2*b - 3. Let c(y) = -4*y**3 + y**2 - 1. Let o be c(-1). Is f(o) prime?
False
Let h(d) = 8*d**2 + 7*d + 9. Suppose 0 = 4*w + 2*r + 12, -2*w + 6*r - 2*r - 16 = 0. Is h(w) a composite number?
False
Suppose 5*i + 21 + 19 = 0. Let a(g) = -3*g - 1 - 2*g - 8 + g. Is a(i) composite?
False
Let y = 0 + 1. Let u(r) = -r**2 + 3*r + 11. Let w be u(4). Is (-1 + 2 - y) + w a prime number?
True
Suppose 2*w = 5*r - 2069, 4*r + 2*w - 1281 = 367. Is r prime?
False
Let q = 108 + -36. Suppose 4*b = q + 4. Is b composite?
False
Let a = -6 + 13. Let m(o) = 7*o**2 - 6*o - 8. Is m(a) a composite number?
False
Let v be 2/(-7) - (-668)/(-14). Suppose -5*i - 4 = 106. Let l = i - v. Is l a composite number?
True
Suppose -5*z + 25 = 3*y, 2*y - 35 = -5*z - 3*y. Suppose 0 = v - 2*v + z. Suppose v*r - 2*s = -3*s + 223, 3*s + 552 = 5*r. Is r a prime number?
False
Let l = 2 + -2. Suppose 0 = -l*d - 3*d + f, 3*f - 12 = -3*d. Is (3 - 4)/(d/(-19)) prime?
True
Let c = -1 + 0. Let b be -5 + -1 + -1 + c. Is b/(-20) - (-73)/5 a composite number?
True
Let f be 6/(-4)*(1 - -1). Let s be (-52)/((18/(-15))/f). Let m = -77 - s. Is m prime?
True
Let n be (3/(-3))/((-1)/26). Is (4/(-6))/(n/(-21957)) composite?
False
Suppose -572 - 170 = -2*s. Is s a composite number?
True
Suppose 2*p - 3*a - 2*a - 1625 = 0, 4*p + 3*a - 3263 = 0. Is p prime?
False
Let l(q) = q**2 + 5*q + 5. Let j be l(-5). Suppose -29 = -2*z - z + j*g, -4 = g. Suppose 0 = -4*u + 2*s + 42, u + z = 2*u - 2*s. Is u a composite number?
False
Suppose 5*m + 21 = 3*w + 58, -4*m + 3*w + 32 = 0. Let a = -3 + m. Suppose -12 = -4*c + a*g, -5*c - g + 23 = 1. Is c prime?
False
Is 3*16/12 - -303 prime?
True
Let r(w) = 38*w - 5. Is r(6) a composite number?
False
Let x = -762 - -1315. Is x composite?
True
Suppose -5*r = -z + 336, -3*r - 702 = -3*z + 294. Is z a prime number?
True
Let r(p) = p**3 + 13*p**2 + 13*p + 15. Let q be r(-12). Suppose 2*n + q = -n, -22 = -x + 3*n. Is x composite?
False
Suppose -8*i + 3*i = -1005. Is i prime?
False
Suppose -5*j = 4*w - 3803, -6*w = -5*w + 2*j - 953. Is w a prime number?
True
Suppose -8 = -5*u + 3*j + 3, 0 = -5*j - 10. Suppose 4*w = 5*b - 22 - 15, b + 2*w + u = 0. Suppose 5 = -b*m, 5*m + 0 + 80 = 3*d. Is d a prime number?
False
Suppose 0 = -4*c - 0*c + 168. Is (88/(-12))/((-4)/c) composite?
True
Let z = -4 - -7. Suppose -d + z*d - 173 = -5*b, d - 103 = -3*b. Is b composite?
True
Let i be 268/6 - (-4)/(-6). Let y(x) = -x**2 + 5*x + 18. Let g be y(7). Suppose -2*k + g*n = -58, -n - 2*n = k - i. Is k composite?
True
Suppose -6*m - 177 = -9*m. Suppose 0 = -2*z + 2*g - 4, 5*z + 3*g = -13 - 29. Let r = m + z. Is r prime?
True
Let z(p) be the first derivative of -p**3/3 + 7*p**2/2 + 6*p - 2. Let g be z(7). Suppose 279 = 3*a + 3*o, 3*a - g*o - 251 = -2*o. Is a a prime number?
True
Let g(m) be the third derivative of m**6/120 - 3*m**5/20 + 5*m**4/24 - 5*m**3/3 + 3*m**2. Is g(9) a prime number?
False
Suppose 0 = 4*p - 563 - 369. Is p a composite number?
False
Let i(s) = 20*s**3 + s**2 - 2*s + 3. Suppose -4*d = 7 - 15. Is i(d) a composite number?
False
Let g be (-74)/(-14) + (-2)/7. Suppose 0 = -5*r + 791 + 594. Suppose 0 = 3*o + 2*j - r, g*o + 0*j - 420 = 5*j. Is o a composite number?
False
Is (-5743)/(-15) - (-10)/75 prime?
True
Let m(q) = q**3 + 7*q**2 - q - 2. Suppose 4*d - n + 24 = -0*n, 0 = -n - 4. Let a be m(d). Suppose -3*c - a*w = -34, 4*c + 2*w - 50 = -0*w. Is c composite?
False
Let t(j) = 2*j**3 - 4*j**2 - 5*j. Suppose 4*d = -5*g + 40, 4*g + g + 2*d - 30 = 0. Let s be t(g). Suppose -3*z = z - s. Is z prime?
True
Let y(l) be the third derivative of 0*l - 2*l**2 + 67/6*l**3 + 1/60*l**5 + 0*l**4 + 0 - 1/120*l**6. Is y(0) composite?
False
Let f = 34 - -345. Is f prime?
True
Suppose 4*b - 765 = -57. Let m = b + -51. Let r = m - 67. Is r composite?
False
Let f be 139 - (0 - (-2 + 2)). Suppose -h + 1495 = 4*j, 5*j + f = -2*h + 2010. Is j a prime number?
True
Suppose 3*z - 22 = -4*g, 5*z + 0*z - 4*g + 6 = 0. Suppose -z*r + 3*r = -188. Is (r/6)/((-12)/18) prime?
True
Is (1605 - 19)/(3 + -1) a prime number?
False
Suppose 2*z - 112 = -4*k, -4*k + 146 = 3*z - 9*k. Suppose 3*p - z = 7*p. Let q = 108 - p. Is q prime?
False
Let m(r) = r + 8. Let z be m(-7). Let h = -2 + 35. Is z/((1/h)/1) a prime number?
False
Let s = 23 - 35. Let l be (s/5)/(9/(-120)). Suppose -h + l = -1. Is h prime?
False
Let j(i) = -i + 13. Let y be j(11). Suppose -137 - 10 = -3*w + 3*p, -220 = -4*w - y*p. Is w composite?
False
Suppose a = -u + 2 - 4, -5*a = -4*u - 35. Suppose 4*y = -a*n + 3*y + 106, -2*n - 2*y + 76 = 0. Is n prime?
False
Suppose 7*o - 2*k + 1154 = 11*o, 5*o - 1426 = 3*k. Is o a composite number?
True
Let b = -1422 - -2603. Is b a composite number?
False
Let r(h) = 3*h**2 + 3*h - 9. Let m be r(7). Suppose 3*v + 4*z - m = 0, -5*z - 93 = 4*v - 304. Is v a composite number?
True
Let d(o) = -o**3 + 19*o**2 + 7*o - 4. Is d(11) composite?
True
Suppose 5*q + 200 = -x, -2*q - 6*x + 4*x - 80 = 0. Let w = 127 + q. Is w composite?
True
Let a(w) = 2*w**2 - 3*w + 3. Let q be a(2). Let d = q + -12. Let k(v) = -6*v - 9. Is k(d) composite?
True
Suppose -w + 2*y = -113, 0*w - 5*y + 253 = 2*w. Is w prime?
False
Let o = -21 + 212. Is o a composite number?
False
Let d(h) = h**2 - 11*h - 51. Is d(22) composite?
False
Suppose 7*w - 2*l - 1987 = 4*w, 0 = -w - 5*l + 634. Is w a prime number?
True
Suppose 3*y - 103 = 2*d, -4*y + 130 = 2*d + 2. Is y composite?
True
Suppose 0 = 3*t + 15, 0 = 3*v - 7*t + 2*t - 694. Is v prime?
True
Let g(f) = 78*f - 7. Is g(2) a composite number?
False
Let l(f) = f - 9. Let z be l(7). Is (174/(-18))/(z/30) composite?
True
Let b(s) = s**3 + 11*s**2 - 13*s + 25. Is b(8) prime?
False
Let i(z) = -z**2 - 7*z - 1. Suppose -4*f = -4*v + 4, 0*v + 19 